o + q*d. Is o composite?
False
Suppose 2247*b - 2245*b - 4*j - 186706 = 0, -20 = 4*j. Is b composite?
True
Let m(g) = g**2 + 4*g - 5. Let l be m(1). Suppose -8*q + 1193 + 4767 = l. Is q composite?
True
Let n(a) = 2*a**3 + 13*a**2 + 7*a + 12. Let v = 16 + -22. Let w be n(v). Suppose -w*j + 53 = -2749. Is j a prime number?
True
Is ((-3)/(-42))/(58/168455084) a composite number?
False
Suppose 12*t = 27*t - 16*t + 3065. Is t a prime number?
False
Let a = 188571 - 43340. Is a a composite number?
True
Suppose -4*n - 399 = -p - 104, 5*n - 1425 = -5*p. Is p + ((-8)/(-44) - 2/11) composite?
True
Let l(b) = -663*b**2 + 5*b - 1. Let g be l(1). Let q = g + 4846. Is q prime?
False
Suppose f = -5*o + 112 + 4, 0 = -2*o + 5*f + 41. Suppose -4*v - 27*a + 12620 = -o*a, 3*v + 2*a = 9468. Is v a composite number?
True
Let y(w) = 63*w**3 + 5*w**2 - 6*w + 21. Suppose -4*f = 10 - 26. Is y(f) composite?
True
Let l = 571 - 568. Suppose 31*t = 28*t + l*c + 4215, c - 5600 = -4*t. Is t prime?
False
Suppose 4*g = -3*n - 3, 5*n - 2*g - 14 = -19. Is (n/1 - 2)/((-3)/679) a composite number?
True
Let m(v) = 36*v**3 - 24*v**2 - 16*v - 82. Is m(9) composite?
True
Let s be (-17 - -2)*-2*14/(-12). Let o be (-50460)/s + 6/21. Suppose 4*b + u - o = 0, -369 = -b - 0*b + 4*u. Is b a composite number?
True
Suppose -15*q = -3*q - 36. Suppose 106 + 4337 = q*b. Is b prime?
True
Suppose k - 86 - 178 = 0. Suppose 4*q = k + 540. Suppose 3*p = s - q, 2*p - 3*p + 1069 = 5*s. Is s composite?
True
Suppose 2*j = -u + 14, -5*u + 0*j - 2*j = -30. Suppose 2*q - 2150 = u*w, 4*q - 5*w + 3170 = 7*q. Let i = q - 434. Is i prime?
True
Suppose 4*c = -2*c + 12*c - 2670522. Is c composite?
False
Is (-370)/1850*-1*(205943 - -2) prime?
True
Let g = 702 - 698. Suppose 2*q - 15262 = g*c, -4*q + 2*c + 30576 = 7*c. Is q prime?
True
Suppose 0 = l - 2*c + 8, l + 2*c = -2*c + 10. Let j = -2 - l. Suppose -3*y - k = -3582, j = -y - y + 5*k + 2405. Is y a composite number?
True
Suppose 15*h = -179 + 209. Suppose i - h*v = 5*i - 62466, 3*i - 46882 = 5*v. Is i a composite number?
False
Is -3*(5 + 172/(-36)) + (-961858)/(-6) composite?
False
Is 20/(-16) + (-1239440)/(-64) + 8 a prime number?
True
Suppose 56 = -a + 4*g + 604, 3*a = -g + 1696. Is 0 + (-141053)/(-6) + 94/a a prime number?
True
Suppose -12*k + 558 = 19*k. Suppose 0 = k*i - 14*i - 5*y - 2203, 0 = -5*i - y + 2790. Is i prime?
True
Let v(k) = k**3 - 21*k**2 - k + 23. Let h be v(21). Suppose 3*r = 2*c + 15443, -2*r + 4*c + 20592 = h*r. Is r prime?
True
Is (3092576/3)/2 + (-18 - (-1378)/78) a composite number?
False
Let t(m) = 11*m**2 - 49*m - 347. Is t(49) a composite number?
False
Suppose 219*y - 8502681 = 2880107 + 1611139. Is y a prime number?
True
Let s be ((-14)/4 + 5)*(-4)/(-3). Suppose 0 = -5*k, k - 10792 + 1722 = -s*c. Is c a composite number?
True
Suppose 17*a = 39*a - 271898. Is a prime?
False
Suppose s - 583040 = -5*c, 484*s - 483*s = -4*c + 466431. Is c a prime number?
False
Let x = -4483 + 7089. Is (1 - 0)*1 - (1 - x) composite?
True
Let z = 77 + -92. Let l(m) = m**3 + 17*m**2 + 8*m - 4. Let k be l(z). Suppose -3*o = -k + 53. Is o a prime number?
False
Suppose 5*v = -437*g + 432*g + 20675, -3*g = -v + 4103. Is v a prime number?
True
Suppose -6308472 = -15*k - 9*k. Is k composite?
False
Is (28980/14 - 7)/1 composite?
False
Suppose 7*d = 3*m + 993166, 10*d - 6*d - 567537 = -m. Is d a composite number?
True
Let k = 2831 + 4763. Suppose k + 4412 = 3*u. Let o = -1567 + u. Is o a prime number?
False
Suppose 0 = -73*t + 47*t - 52. Is (528715/22)/(3 - (-5)/t) prime?
False
Suppose 0 = q + 5*r - 69014, -4*q + 3*r + 358077 = 81952. Is q a composite number?
False
Suppose 0 = 3*y - 15, -5859 = -4*k - 5*y + 1302. Let v be ((-9)/9)/((-2)/k). Suppose 0 = -4*a + 3*z + 1784, -a + 3*a - v = -4*z. Is a composite?
True
Let o be (-42)/(-18) + -2 + (-33)/(-9). Suppose 10481 = 3*u - o*t, -7*u - 3495 = -8*u + 2*t. Is u prime?
True
Let y = -25 - 32. Is ((-74518)/y)/(4/6) composite?
True
Let u be (21/(-9) - -2) + (-171920)/(-24). Suppose -7293 = -5*v + 4*q, -2777 = 3*v + q - u. Is v composite?
True
Is 168309/(12/4) - (-5 - (-17 - -10)) prime?
True
Is ((-36)/(-9) - -6774) + (-7)/1 + 2 composite?
True
Let j(f) = 8743*f**2 + 127*f - 117. Is j(-6) composite?
True
Let p(d) = 167*d**3 + 6*d**2 + 52*d - 172. Is p(3) a prime number?
True
Let v = 36434 - 12663. Is v a composite number?
True
Is 2455/(-5)*(-1)/1*(-4 + 335) composite?
True
Suppose 132300 = 7*u - 22*u. Let p = -5161 - u. Is p a composite number?
False
Suppose -4*i = -5*h - 12975, -2*h - 7541 + 2323 = 4*i. Let v = 3208 - h. Is v composite?
False
Suppose j - 20*j + 3445652 = 314889. Is j composite?
True
Let t(z) be the second derivative of -z**3/6 + 29*z**2/2 - 16*z. Let l be t(11). Is (-6 + 25)*(1 + l) a composite number?
True
Suppose -5*b + 27 = 5*g - 3*g, -5*g - 3*b = -20. Let q(s) = -1019*s + 2668*s + 964*s - 2. Is q(g) prime?
False
Let q(j) = 5*j**2 - 4*j - 6. Let i be q(11). Let r = -166 + i. Suppose r + 39 = 2*l. Is l composite?
True
Suppose 33 = 29*m - 25*m + 5*c, 5*m + 5*c = 35. Suppose j = -5*s + 54387, 4*s + 7*j - m*j - 43518 = 0. Is s prime?
False
Let q(p) be the third derivative of -9*p**4/4 - 55*p**3/6 - 2*p**2 + 3. Is q(-10) a prime number?
False
Let o = -377061 + 733984. Is o a composite number?
True
Let p(r) = 6667*r**2 + 22*r + 13. Is p(-6) a prime number?
True
Let y = -124 - -406. Suppose 3*n - y = 6*n. Let j = n - -225. Is j a prime number?
True
Suppose 0 = 5*s + 2*n - 25, -16 = -2*s - n - 5. Let r(v) = -168*v - 4. Let l be r(-6). Suppose -s*f = 2*i - 502, -4*i - 5*f = -2*f - l. Is i a composite number?
False
Let g = -141579 + 385040. Is g a composite number?
False
Let p = -17807 - -32394. Is p prime?
False
Let f be (6 - 2) + (-6)/((-8)/4). Let k(d) = 3*d**3 + 8*d**2 - 6*d - 12. Is k(f) a prime number?
True
Let o(n) = 516*n**2 + 56*n + 1037. Is o(-18) composite?
False
Suppose -5*a + 2*y = 74864, 7*y = 3*y + 8. Let r = -8575 - a. Is r a prime number?
True
Let x(h) be the second derivative of 13*h**3/6 - 6*h**2 - 3*h. Is x(11) composite?
False
Suppose 46*w - 41*w = 4*q - 38740, 4*w = 0. Let y = -5456 + q. Is y composite?
False
Suppose 2*y = 48*y + 5*y - 4606473. Is y a composite number?
True
Let d be 3895/(-38)*114/(-5). Let b = -1018 + d. Is b composite?
False
Let x = 48640 + -12053. Is x prime?
True
Let i(u) = 3*u**3 + 5*u**2 + 12. Let m be i(-6). Let l be 6/(-4) - m/16. Is l/(-6)*-38*(-3)/(-9) prime?
False
Suppose 18*r = -493 - 551. Let q = 7611 - r. Is q a prime number?
True
Suppose 80 = 25*u - 20*u. Suppose u*d - 9940 = 59292. Is d a composite number?
False
Let w = 524 - 444. Is (-64)/w + (-3078)/(-10) a prime number?
True
Let v(y) = -14*y - 7. Let m = -5 + 0. Let h be v(m). Suppose -7*f - 9 = -4*f, -3*i = -2*f - h. Is i a composite number?
False
Let o = 4 - 8. Let c be (o - -1) + -2 + -581. Is -3 - (2 + 0 + c) a composite number?
True
Let o = -123 + 33. Suppose 22*n - 18*n = 2*i - 1008, -3*i = 3*n + 729. Let p = o - n. Is p a composite number?
True
Suppose 0 = -4*k + 5*y + 67511, 7*y - 9*y - 16874 = -k. Suppose 34904 = 44*d - k. Is d a composite number?
True
Suppose 2*d = -3*n + 25250, -3*n + 39117 + 23990 = 5*d. Let k = d - -2434. Is k a prime number?
True
Let i = -5221 - -45974. Suppose i = 6*b + 1375. Is b a prime number?
True
Let t = 20 - 13. Suppose -138*w = -139*w + t. Suppose w*a - 8*a + 415 = 0. Is a a prime number?
False
Suppose 2*z - 10 = 3*y, -7*y + 2*y = -z + 12. Suppose -z*x = -h + 11, 11 = h - 5*x - 6. Suppose 7827 = h*s - 4*s. Is s a prime number?
True
Let c = 409 + -228. Let r = c + -143. Is r prime?
False
Suppose -3*c - 23 = 4*m - 0*m, 2*m + 24 = -4*c. Is 2/9 - (m - 5007163/63) a prime number?
True
Let l(o) = -o - 20. Let y be l(-19). Is ((-20222)/(-4) - y)*(-320)/(-96) prime?
False
Let o(c) = c**3 + 19*c**2 + c + 19. Let p be o(-19). Suppose 14*a - 9*a + 4*s = 10175, 5*a + 5*s - 10170 = p. Is a prime?
True
Suppose -3*c + 5*t - 85 = 0, 0 = 3*c - 0*t - 2*t + 70. Is (-2)/(-10) + -4 + (-101976)/c a composite number?
True
Let q(y) = y**2 - 2*y - 5. Let o be q(4). Suppose 8*j - 67913 = -o*u + 10*j, 0 = -4*u - 2*j + 90574. Is u a composite number?
True
Let v(r) = 2*r**2 + 15*r + 12. Let h be v(-6). Is 446/3*(-261)/h a prime number?
False
Let t(j) = 122*j**2 - 16*j + 16. Let o(y) = 123